{"id":129,"date":"2022-03-25T10:58:48","date_gmt":"2022-03-25T09:58:48","guid":{"rendered":"http:\/\/idprovence.fr\/?page_id=129"},"modified":"2024-02-29T17:22:58","modified_gmt":"2024-02-29T16:22:58","slug":"installation-electromenager","status":"publish","type":"page","link":"https:\/\/idprovence.fr\/index.php\/installation-electromenager\/","title":{"rendered":"Installation \u00e9lectrom\u00e9nager"},"content":{"rendered":"\n<h2 class=\"alignwide has-text-align-center\">Besoin d&rsquo;installation \u00e9lectrom\u00e9nager ? Envie d\u2019un linge vraiment propre ? Plus envie de faire la vaisselle \u00e0 la main ?<\/h2>\n\n\n\n<figure class=\"wp-block-image size-large\"><img loading=\"lazy\" width=\"1024\" height=\"427\" src=\"http:\/\/idprovence.fr\/wp-content\/uploads\/2022\/03\/id-provence-installation-electromenager-1024x427.jpg\" alt=\"installation \u00e9lectrom\u00e9nager \u00e0 aix en provence\" class=\"wp-image-266\" srcset=\"https:\/\/idprovence.fr\/wp-content\/uploads\/2022\/03\/id-provence-installation-electromenager-1024x427.jpg 1024w, https:\/\/idprovence.fr\/wp-content\/uploads\/2022\/03\/id-provence-installation-electromenager-300x125.jpg 300w, https:\/\/idprovence.fr\/wp-content\/uploads\/2022\/03\/id-provence-installation-electromenager-768x320.jpg 768w, https:\/\/idprovence.fr\/wp-content\/uploads\/2022\/03\/id-provence-installation-electromenager.jpg 1080w\" sizes=\"(max-width: 1024px) 100vw, 1024px\" \/><\/figure>\n\n\n\n<p><\/p>\n\n\n\n<p>Installation \u00e9lectrom\u00e9nager :<br>Nous proposons un&nbsp;service Installation et Montage d&rsquo;\u00e9lectrom\u00e9nagers \u00e0 Aix-en-Provence.<br>Un service&nbsp;pens\u00e9 pour satisfaire toutes vos exigences : gain de temps, confort et praticit\u00e9.<br>Nous allons au-del\u00e0 de la mise en service, et vous garantissons une installation d\u00e9finitive de tous vos meubles et \u00e9quipements. Un&nbsp;service sur-mesure&nbsp;pour vous simplifier les&nbsp;installations de votre lave-linge, lave-vaisselle, ou pr\u00e9parer l\u2019arriv\u00e9e \u00e9lectrique de votre four encastrable&nbsp;par exemple.<br>Appelez-nous, nous interviendrons dans les meilleurs d\u00e9lais avec notre v\u00e9lo cargo dans le centre-ville d\u2019Aix-en-Provence ou en camion dans la r\u00e9gion !<\/p>\n\n\n\n<p><\/p>\n\n\n\n<div class=\"wp-container-1 wp-block-buttons\">\n<div class=\"wp-block-button\"><a class=\"wp-block-button__link\" href=\"http:\/\/idprovence.fr\/index.php\/contact\/\">Contactez-nous !<\/a><\/div>\n<\/div>\n\n\n\n<p><\/p>\n\n\n\n<p><\/p>\n","protected":false},"excerpt":{"rendered":"<p>Besoin d&rsquo;installation \u00e9lectrom\u00e9nager ? Envie d\u2019un linge vraiment propre ? Plus envie de faire la vaisselle \u00e0 la main ? Installation \u00e9lectrom\u00e9nager :Nous proposons un&nbsp;service Installation et Montage d&rsquo;\u00e9lectrom\u00e9nagers \u00e0 Aix-en-Provence.Un service&nbsp;pens\u00e9 pour satisfaire toutes vos exigences : gain de temps, confort et praticit\u00e9.Nous allons au-del\u00e0 de la mise en [&hellip;]<\/p>\n","protected":false},"author":1,"featured_media":0,"parent":0,"menu_order":0,"comment_status":"closed","ping_status":"closed","template":"","meta":[],"yoast_head":"<!-- This site is optimized with the Yoast SEO plugin v19.13 - https:\/\/yoast.com\/wordpress\/plugins\/seo\/ -->\n<title>Installation \u00e9lectrom\u00e9nager - ID Provence - Aix en Provence<\/title>\n<meta name=\"description\" content=\"Installation \u00e9lectrom\u00e9nager \u00e0 Aix en Provence : confiez vos travaux \u00e0 ID Provence, votre entreprise de confiance !\" \/>\n<meta name=\"robots\" content=\"index, follow, max-snippet:-1, max-image-preview:large, max-video-preview:-1\" \/>\n<link rel=\"canonical\" href=\"https:\/\/idprovence.fr\/index.php\/installation-electromenager\/\" \/>\n<meta property=\"og:locale\" content=\"fr_FR\" \/>\n<meta property=\"og:type\" content=\"article\" \/>\n<meta property=\"og:title\" content=\"Installation \u00e9lectrom\u00e9nager - ID Provence - Aix en Provence\" \/>\n<meta property=\"og:description\" content=\"Installation \u00e9lectrom\u00e9nager \u00e0 Aix en Provence : confiez vos travaux \u00e0 ID Provence, votre entreprise de confiance !\" \/>\n<meta property=\"og:url\" content=\"https:\/\/idprovence.fr\/index.php\/installation-electromenager\/\" \/>\n<meta property=\"og:site_name\" content=\"ID Provence\" \/>\n<meta property=\"article:publisher\" content=\"https:\/\/m.facebook.com\/idprovence.aix\/\" \/>\n<meta property=\"article:modified_time\" content=\"2024-02-29T16:22:58+00:00\" \/>\n<meta property=\"og:image\" content=\"http:\/\/idprovence.fr\/wp-content\/uploads\/2022\/03\/id-provence-installation-electromenager-1024x427.jpg\" \/>\n<meta name=\"twitter:card\" content=\"summary_large_image\" \/>\n<meta name=\"twitter:label1\" content=\"Dur\u00e9e de lecture estim\u00e9e\" \/>\n\t<meta name=\"twitter:data1\" content=\"1 minute\" \/>\n<script type=\"application\/ld+json\" class=\"yoast-schema-graph\">{\"@context\":\"https:\/\/schema.org\",\"@graph\":[{\"@type\":\"WebPage\",\"@id\":\"https:\/\/idprovence.fr\/index.php\/installation-electromenager\/\",\"url\":\"https:\/\/idprovence.fr\/index.php\/installation-electromenager\/\",\"name\":\"Installation \u00e9lectrom\u00e9nager - ID Provence - Aix en Provence\",\"isPartOf\":{\"@id\":\"https:\/\/idprovence.fr\/#website\"},\"datePublished\":\"2022-03-25T09:58:48+00:00\",\"dateModified\":\"2024-02-29T16:22:58+00:00\",\"description\":\"Installation \u00e9lectrom\u00e9nager \u00e0 Aix en Provence : confiez vos travaux \u00e0 ID Provence, votre entreprise de confiance !\",\"breadcrumb\":{\"@id\":\"https:\/\/idprovence.fr\/index.php\/installation-electromenager\/#breadcrumb\"},\"inLanguage\":\"fr-FR\",\"potentialAction\":[{\"@type\":\"ReadAction\",\"target\":[\"https:\/\/idprovence.fr\/index.php\/installation-electromenager\/\"]}]},{\"@type\":\"BreadcrumbList\",\"@id\":\"https:\/\/idprovence.fr\/index.php\/installation-electromenager\/#breadcrumb\",\"itemListElement\":[{\"@type\":\"ListItem\",\"position\":1,\"name\":\"Accueil\",\"item\":\"https:\/\/idprovence.fr\/\"},{\"@type\":\"ListItem\",\"position\":2,\"name\":\"Installation \u00e9lectrom\u00e9nager\"}]},{\"@type\":\"WebSite\",\"@id\":\"https:\/\/idprovence.fr\/#website\",\"url\":\"https:\/\/idprovence.fr\/\",\"name\":\"ID Provence - Plombiers \u00e0 Aix-en-Provence\",\"description\":\"Artisan Plombier Chauffagiste\",\"publisher\":{\"@id\":\"https:\/\/idprovence.fr\/#organization\"},\"potentialAction\":[{\"@type\":\"SearchAction\",\"target\":{\"@type\":\"EntryPoint\",\"urlTemplate\":\"https:\/\/idprovence.fr\/?s={search_term_string}\"},\"query-input\":\"required name=search_term_string\"}],\"inLanguage\":\"fr-FR\"},{\"@type\":\"Organization\",\"@id\":\"https:\/\/idprovence.fr\/#organization\",\"name\":\"ID Provence - Plombiers \u00e0 Aix-en-Provence\",\"url\":\"https:\/\/idprovence.fr\/\",\"logo\":{\"@type\":\"ImageObject\",\"inLanguage\":\"fr-FR\",\"@id\":\"https:\/\/idprovence.fr\/#\/schema\/logo\/image\/\",\"url\":\"https:\/\/idprovence.fr\/wp-content\/uploads\/2022\/03\/cropped-cropped-id_provence_logo_vert_512x512.png\",\"contentUrl\":\"https:\/\/idprovence.fr\/wp-content\/uploads\/2022\/03\/cropped-cropped-id_provence_logo_vert_512x512.png\",\"width\":512,\"height\":442,\"caption\":\"ID Provence - Plombiers \u00e0 Aix-en-Provence\"},\"image\":{\"@id\":\"https:\/\/idprovence.fr\/#\/schema\/logo\/image\/\"},\"sameAs\":[\"https:\/\/www.instagram.com\/idprovence.aix\/\",\"https:\/\/m.facebook.com\/idprovence.aix\/\"]}]}<\/script>\n<!-- \/ Yoast SEO plugin. -->","yoast_head_json":{"title":"Installation \u00e9lectrom\u00e9nager - ID Provence - Aix en Provence","description":"Installation \u00e9lectrom\u00e9nager \u00e0 Aix en Provence : confiez vos travaux \u00e0 ID Provence, votre entreprise de confiance !","robots":{"index":"index","follow":"follow","max-snippet":"max-snippet:-1","max-image-preview":"max-image-preview:large","max-video-preview":"max-video-preview:-1"},"canonical":"https:\/\/idprovence.fr\/index.php\/installation-electromenager\/","og_locale":"fr_FR","og_type":"article","og_title":"Installation \u00e9lectrom\u00e9nager - ID Provence - Aix en Provence","og_description":"Installation \u00e9lectrom\u00e9nager \u00e0 Aix en Provence : confiez vos travaux \u00e0 ID Provence, votre entreprise de confiance !","og_url":"https:\/\/idprovence.fr\/index.php\/installation-electromenager\/","og_site_name":"ID Provence","article_publisher":"https:\/\/m.facebook.com\/idprovence.aix\/","article_modified_time":"2024-02-29T16:22:58+00:00","og_image":[{"url":"http:\/\/idprovence.fr\/wp-content\/uploads\/2022\/03\/id-provence-installation-electromenager-1024x427.jpg"}],"twitter_card":"summary_large_image","twitter_misc":{"Dur\u00e9e de lecture estim\u00e9e":"1 minute"},"schema":{"@context":"https:\/\/schema.org","@graph":[{"@type":"WebPage","@id":"https:\/\/idprovence.fr\/index.php\/installation-electromenager\/","url":"https:\/\/idprovence.fr\/index.php\/installation-electromenager\/","name":"Installation \u00e9lectrom\u00e9nager - ID Provence - Aix en Provence","isPartOf":{"@id":"https:\/\/idprovence.fr\/#website"},"datePublished":"2022-03-25T09:58:48+00:00","dateModified":"2024-02-29T16:22:58+00:00","description":"Installation \u00e9lectrom\u00e9nager \u00e0 Aix en Provence : confiez vos travaux \u00e0 ID Provence, votre entreprise de confiance !","breadcrumb":{"@id":"https:\/\/idprovence.fr\/index.php\/installation-electromenager\/#breadcrumb"},"inLanguage":"fr-FR","potentialAction":[{"@type":"ReadAction","target":["https:\/\/idprovence.fr\/index.php\/installation-electromenager\/"]}]},{"@type":"BreadcrumbList","@id":"https:\/\/idprovence.fr\/index.php\/installation-electromenager\/#breadcrumb","itemListElement":[{"@type":"ListItem","position":1,"name":"Accueil","item":"https:\/\/idprovence.fr\/"},{"@type":"ListItem","position":2,"name":"Installation \u00e9lectrom\u00e9nager"}]},{"@type":"WebSite","@id":"https:\/\/idprovence.fr\/#website","url":"https:\/\/idprovence.fr\/","name":"ID Provence - Plombiers \u00e0 Aix-en-Provence","description":"Artisan Plombier Chauffagiste","publisher":{"@id":"https:\/\/idprovence.fr\/#organization"},"potentialAction":[{"@type":"SearchAction","target":{"@type":"EntryPoint","urlTemplate":"https:\/\/idprovence.fr\/?s={search_term_string}"},"query-input":"required name=search_term_string"}],"inLanguage":"fr-FR"},{"@type":"Organization","@id":"https:\/\/idprovence.fr\/#organization","name":"ID Provence - Plombiers \u00e0 Aix-en-Provence","url":"https:\/\/idprovence.fr\/","logo":{"@type":"ImageObject","inLanguage":"fr-FR","@id":"https:\/\/idprovence.fr\/#\/schema\/logo\/image\/","url":"https:\/\/idprovence.fr\/wp-content\/uploads\/2022\/03\/cropped-cropped-id_provence_logo_vert_512x512.png","contentUrl":"https:\/\/idprovence.fr\/wp-content\/uploads\/2022\/03\/cropped-cropped-id_provence_logo_vert_512x512.png","width":512,"height":442,"caption":"ID Provence - Plombiers \u00e0 Aix-en-Provence"},"image":{"@id":"https:\/\/idprovence.fr\/#\/schema\/logo\/image\/"},"sameAs":["https:\/\/www.instagram.com\/idprovence.aix\/","https:\/\/m.facebook.com\/idprovence.aix\/"]}]}},"_links":{"self":[{"href":"https:\/\/idprovence.fr\/index.php\/wp-json\/wp\/v2\/pages\/129"}],"collection":[{"href":"https:\/\/idprovence.fr\/index.php\/wp-json\/wp\/v2\/pages"}],"about":[{"href":"https:\/\/idprovence.fr\/index.php\/wp-json\/wp\/v2\/types\/page"}],"author":[{"embeddable":true,"href":"https:\/\/idprovence.fr\/index.php\/wp-json\/wp\/v2\/users\/1"}],"replies":[{"embeddable":true,"href":"https:\/\/idprovence.fr\/index.php\/wp-json\/wp\/v2\/comments?post=129"}],"version-history":[{"count":10,"href":"https:\/\/idprovence.fr\/index.php\/wp-json\/wp\/v2\/pages\/129\/revisions"}],"predecessor-version":[{"id":584,"href":"https:\/\/idprovence.fr\/index.php\/wp-json\/wp\/v2\/pages\/129\/revisions\/584"}],"wp:attachment":[{"href":"https:\/\/idprovence.fr\/index.php\/wp-json\/wp\/v2\/media?parent=129"}],"curies":[{"name":"wp","href":"https:\/\/api.w.org\/{rel}","templated":true}]}}